a + 135, 3*a = 5*z + 250. What is the highest common factor of a and 70?
5
Let h = -950 - -994. Calculate the highest common divisor of h and 4642.
22
Suppose 75 = 102*o - 101*o. Let d be (-30)/o*(0 - 15). What is the greatest common factor of d and 9?
3
Suppose 0 = 2*q + 2*v - 15 - 51, 2*v + 18 = q. Let s(h) = -24*h + 54. Let w be s(2). What is the highest common factor of w and q?
2
Suppose 2*r = 2*g - 2*r + 30, -3*r + 5 = 2*g. Let a be ((-7)/2 + g + 8)*-18. Let t be 234 - -9*(-3)/a. Calculate the greatest common divisor of 33 and t.
33
Let q be (-56)/(-154) - 31092/(-44). Calculate the highest common factor of q and 4848.
101
Let z = 15615 + -15611. What is the highest common factor of z and 4924?
4
Let x be 105521/377 - (-12)/116. Suppose 4*g - 7 = 133. What is the highest common factor of g and x?
35
Suppose 15*k + 4*k = 6*k + 2392. What is the highest common divisor of k and 1150?
46
Suppose 0 = 173*q - 461*q + 1265 + 3919. Let y be -1 + 1 + 3*39. What is the greatest common factor of q and y?
9
Let x(t) = 2*t**2 - 4*t + 6. Let b = 34 - 37. Let a be x(b). Let j be (3 - 51)*6/(-2). Calculate the greatest common factor of j and a.
36
Let i(k) = -2*k**2 - k + 414. Let t(z) = z**2 - 5*z. Let u be t(5). Let y be i(u). Calculate the highest common factor of y and 46.
46
Let i be ((-21)/12)/(30/(-120)). Suppose -i*j = -111 - 64. Calculate the highest common factor of 5 and j.
5
Suppose 45*r = 98*r - 119886. Calculate the highest common divisor of 78 and r.
78
Let g(z) = -6*z - 101*z**2 - z + 13 - 3*z + 103*z**2. Let d be g(3). Let o be (-1 + d/(-2))/((-20)/40). Calculate the highest common factor of o and 1.
1
Let p = 1278 - 1248. Calculate the highest common divisor of p and 195.
15
Let z = -11241 - -11259. What is the greatest common factor of 25992 and z?
18
Let l be 8/(1*(-3)/(-12)). Suppose -3*n + 55 = -l. Suppose 38*m = 33*m + 1595. Calculate the highest common factor of m and n.
29
Suppose -l + 385 = -4*r + 354, 0 = 5*r + 15. What is the highest common divisor of l and 10?
1
Suppose 5*p - 26 = 27*c - 29*c, 5*p + 3*c = 29. Suppose 4*a - 488 = -7*w + 5*w, -w + 236 = p*a. Calculate the highest common factor of w and 28.
28
Suppose 4*b - 3*s + 378 = 0, -b - 285 = 2*b - 3*s. Let g = -65 - b. Suppose -g = -4*l + 3*l. Calculate the greatest common factor of 196 and l.
28
Let u be (12*(-355)/(-10))/(-2). Let n = u - -226. Calculate the highest common divisor of n and 169.
13
Suppose -5717*q - 720104 = -5761*q. What is the highest common factor of q and 196?
98
Suppose -4*h - 344 = 2*l - 7*l, l - 84 = -3*h. What is the greatest common divisor of 64 and l?
8
Let r(y) = 716*y - 14. Let d be r(-1). Let z = 732 + d. What is the greatest common factor of 166 and z?
2
Let c be (-7 - (-86)/12)/(2/48). What is the greatest common divisor of 452 and c?
4
Suppose 0 = -12*o + 32508 - 32124. What is the highest common divisor of 728 and o?
8
Suppose -4*t - 12 = 4*l, -5*l - 11 = -t + 4. Let z = 102 - 99. Suppose 3*g - z = t, -6*g + g - 58 = -3*m. Calculate the greatest common factor of 42 and m.
21
Let i(b) = 48*b**3 + 20*b**2 - 65*b - 7. Let n be i(3). What is the greatest common divisor of n and 2912?
182
Suppose -31 = -3*q - 16. Suppose q*i - 58 = 12. Suppose 12 = -v + i. What is the highest common divisor of v and 20?
2
Suppose 8*o - 38 = 4*o - 2*t, t = 4*o - 41. Suppose 0 = 3*f + 5*g - 185, -706*f + 69 = -705*f + g. Calculate the greatest common divisor of o and f.
10
Suppose 6*m + 103*m - 67125 - 76755 = 0. Let q = -4 + 17. Suppose 2*o + m = q*o. Calculate the greatest common factor of 20 and o.
20
Suppose 5*i - 3*g = -g + 10, -22 = -3*i - 2*g. Suppose 31 = -3*k + 4*k - p, 3*k - 79 = -i*p. Calculate the highest common factor of 899 and k.
29
Let u = 9206 - 9123. What is the greatest common divisor of u and 10292?
83
Suppose 6*q + 123 - 471 = 0. Suppose 3*l = 2*z + q, 6*l - 3*z - 77 = 2*l. Calculate the greatest common divisor of 8 and l.
4
Let f(n) = -15*n + 4. Let b be f(-1). Let i = b + -17. Suppose i*c = 4*c - 76. Calculate the highest common factor of 418 and c.
38
Let h = -25003 - -25153. What is the highest common factor of h and 8040?
30
Let r(z) = 5*z + 3. Let l be (-3)/(-1)*(-343)/21. Let x = 49 + l. Let h be r(x). Calculate the greatest common divisor of h and 21.
3
Suppose -8*v - 403 = -21*v. Suppose 0 = -v*o + 16*o + 600. What is the highest common factor of 5 and o?
5
Let y = 54 - 48. Suppose 5*t + 0*t - 35 = 0. Suppose 0 = j + t - 9. What is the highest common factor of y and j?
2
Suppose 2*a = 6*l - l, -3*a + 11 = -2*l. Suppose -a*q + 15 = 0, 2*s + 2*q - 114 = 222. Calculate the highest common divisor of s and 15.
15
Let k be (28/(-6))/(6/(-54))*8. Suppose -4*t - 2*z = -270, -5*t - 7*z + k = -3*z. Let h = t - 59. What is the greatest common factor of h and 3?
3
Suppose -4*c + 1355 - 274 = w, c - 5*w - 265 = 0. Let f be 2/16 + 316/32. What is the greatest common factor of c and f?
10
Let n = -2968 - -7830. What is the highest common factor of 26 and n?
26
Let v(c) = -c**2 - 4*c - 2. Suppose 7 = j + 3*j - 5*k, -5*j - 1 = -3*k. Let a be v(j). Suppose -a = -3*l + 16. Calculate the highest common factor of l and 48.
6
Let q be (330/120)/(4 + 703/(-176)). What is the highest common divisor of q and 164?
4
Let k(o) = -o**3 + 2*o**2 + 3*o + 1. Let j be k(0). Let w be 0 + (-1 + 4 + j)/2. Calculate the highest common factor of 2 and w.
2
Let p(q) = q**2 - 9*q + 3915. Let x be p(0). Suppose 0 = -19*t - 10*t + x. What is the greatest common divisor of t and 108?
27
Suppose -20 + 23 = b. Suppose 16*v - 120 = -5*c + 12*v, -b*c - 4*v = -64. What is the greatest common factor of 448 and c?
28
Let c be (27 + -1)/(216/108). What is the greatest common divisor of 2327 and c?
13
Suppose -45*z + 50*z + 4*c - 56163 = 0, 0 = -5*z + 5*c + 56190. Calculate the highest common factor of 107 and z.
107
Let p be (-178)/(-267) - (714/(-9) + -2). Calculate the highest common divisor of p and 5002.
82
Let g(l) = 30*l**2 - 9*l + 8. Let d be g(-3). Calculate the highest common divisor of 55 and d.
5
Let z(n) = 60*n**3 - 2*n + 1. Let u be 27/24 - (147/24 - 6). Let d be z(u). What is the greatest common divisor of 885 and d?
59
Let b be 1*(1 - 1309)/4. Let r be 21/(-28) + b/(-4). Let u = 98 - 89. What is the greatest common factor of r and u?
9
Let x(r) = -2*r**3 + 5*r**2 - 3*r + 10. Let y be x(-6). Let o be 4/((-16)/3) - 215/(-20). Calculate the greatest common divisor of o and y.
10
Suppose -11*o = -15*o + 64. Let h(k) = 3 - k - 2 - o*k + 7. Let m be h(-2). Calculate the highest common divisor of 70 and m.
14
Let b(p) = 1414*p - 6 - 17 - 1389*p. Let j be b(2). Calculate the highest common factor of 27 and j.
27
Let g(w) = w**3 - 19*w**2 + 15*w + 42. Let t be g(18). Let b = 18 + t. Suppose -45 = -2*k - k. What is the highest common divisor of b and k?
3
Let n = -19 + 26. Suppose -n*h - 140 = -21*h. Let b(g) = g**2 - g + 9. Let a be b(h). Calculate the highest common factor of a and 33.
33
Suppose 17*s - 25495 + 21585 = 0. Calculate the greatest common factor of s and 320.
10
Let l be (1/2)/(-22 - -23)*1950. What is the greatest common factor of l and 26?
13
Let v be 13 - (-1505)/30 - (-3)/(-18). Calculate the greatest common factor of v and 2079.
63
Let p(w) = 13*w - 21. Let r(a) = 26*a - 43. Let f(t) = -13*p(t) + 6*r(t). Let d be f(-1). Calculate the highest common factor of 140 and d.
28
Let v(z) = -z**3 - 3*z**2 - 25*z + 3124. Let t be v(0). Calculate the highest common divisor of t and 44.
44
Suppose 15304*x = 15315*x - 726. Calculate the greatest common divisor of 30 and x.
6
Let j(g) = 113*g + 27. Let y be j(2). Suppose 0*d - 2*l + y = d, -2*d = -3*l - 485. What is the greatest common factor of 19 and d?
19
Let g be 15/3 - (-920)/115. Calculate the highest common factor of g and 858.
13
Let j = -11103 - -11108. Calculate the greatest common factor of j and 27.
1
Let o = -291 + 716. Calculate the highest common factor of o and 238.
17
Let z = 42146 - 12326. What is the greatest common divisor of z and 140?
140
Let b(d) = -48*d - 515. Let q be b(-16). What is the highest common divisor of q and 2?
1
Let h = 101 - 88. Suppose 15*k = 133 - h. Calculate the highest common factor of k and 36.
4
Let q = -10429 + 15417. Calculate the greatest common factor of 116 and q.